 39 = -n + 5*l. What is the highest common divisor of n and q?
10
Let k = -30 + 42. What is the highest common divisor of 108 and k?
12
Suppose 3*i = 7*i - 56. Let n(g) = -g**3 - 5*g**2 - g. Let j be n(-6). What is the greatest common factor of i and j?
14
Let s(w) = w**3 - 8*w**2 + 6*w + 11. Let c be s(7). Suppose -3*i + 3*z + 39 = -0*z, -3*i + 5*z = -33. Calculate the highest common divisor of i and c.
4
Suppose 4*i + 328 = d, 3*i - 5*d = -154 - 75. Let z = -29 - i. Calculate the greatest common factor of z and 6.
6
Let q = 3 + 11. What is the greatest common factor of 112 and q?
14
Let z be 4/18 + 238/63. Suppose 0 = 5*o - 2*x - 25 - 9, -3*x + 17 = o. Calculate the highest common factor of z and o.
4
Let r(z) = 4*z**2 - 6*z - 6. Let p be r(-3). What is the greatest common factor of 36 and p?
12
Let q = -111 - -134. What is the greatest common divisor of 23 and q?
23
Let v(q) = q**2 - q + 2. Let c be v(-2). Let m be c/(-60) + 2314/30. What is the highest common divisor of 11 and m?
11
Let k = -69 + 133. What is the greatest common divisor of k and 16?
16
Let d be (-3)/4 + 1/(-4). Let p = 3 - d. Suppose 3*h + 9 = p*h. Calculate the greatest common divisor of 6 and h.
3
Let k(c) = c + 5. Let u be k(-3). What is the greatest common factor of u and 2?
2
Let o be ((-3)/9)/(2/(-12)). Suppose 0 = o*b + 2*b - 4. Calculate the highest common factor of b and 8.
1
Suppose -4*q + 2*m + 30 = 0, -2*q - 3*m + m + 12 = 0. Let i = q + -11. Let n be (-2)/(i/26 + 0). Calculate the greatest common divisor of n and 26.
13
Let p(a) = 1 + 2*a**2 + 0*a**3 + 3*a + 3 - a**3. Let h be p(-3). What is the greatest common factor of h and 5?
5
Let j(h) = h**2 + 6*h. Suppose -3*v = -2*v + 2. Let b = -8 + v. Let f be j(b). Calculate the greatest common divisor of f and 10.
10
Let k(v) = v**3 + 7*v**2 + 2*v. Let y be 1/(2/(-20)*2). Let g be k(y). What is the highest common factor of 100 and g?
20
Let x = 5 - 3. Suppose -3*o + 4*z - x*z = 19, -5*z = 5. Let n = o - -71. Calculate the highest common factor of n and 8.
8
Let x(n) = -n**3 + 4*n**2 + 7*n - 6. Let l be x(5). What is the greatest common factor of l and 1?
1
Let h = -7 + 13. Let v(l) = l**3 - 5*l**2 + 3. Let m be v(5). Suppose -4*g - 1 = -13, -m*k = 2*g - 132. Calculate the greatest common factor of k and h.
6
Let v = -21 - -51. What is the highest common factor of v and 20?
10
Let f = 20 + -13. Let t be 2/f - 99/(-21). What is the highest common factor of t and 40?
5
Suppose 264 = 4*l + 3*i, 40 = 2*l - 3*i - 74. What is the highest common factor of 9 and l?
9
Suppose 5*k - 166 = 4*g, 3*k + 14*g - 74 = 10*g. Suppose -2*z + f + 4*f + 40 = 0, -5*z - 4*f + 100 = 0. Calculate the highest common factor of k and z.
10
Let s = 119 - 56. Suppose -3*i + 39 = 2*x, -2 + s = 3*x + 5*i. Calculate the greatest common divisor of x and 3.
3
Let o(r) = -7*r**3 + 1. Let k be o(-1). Suppose k*g = 3*g + 20. Suppose 2*n = 6, -n = b - 10 - 17. What is the highest common factor of g and b?
4
Let x be ((-6)/(-5))/((-1)/5). Let w(f) = -9*f + 6. Let d be w(x). Let k(o) = 8*o. Let b be k(3). What is the greatest common factor of d and b?
12
Suppose 0 = -3*v - 12, -3*g + 230 = -4*v - 248. Let r be (2 + 12 - 1) + 1. Calculate the highest common divisor of g and r.
14
Let j = 39 - 37. Calculate the highest common divisor of 2 and j.
2
Let f = -109 + 115. What is the highest common factor of f and 39?
3
Suppose -2*c = 5*c - 112. What is the highest common factor of 2 and c?
2
Let z be ((-3)/2)/(16/(-224)). Calculate the highest common factor of 14 and z.
7
Let a be 0 + (-4)/(-6) - 148/(-12). Suppose -2*q - 124 = -648. Let d = -145 + q. Calculate the highest common factor of d and a.
13
Suppose 0 = -18*g + 13*g + 80. Calculate the greatest common divisor of g and 2.
2
Let g(c) = 18*c**2. Let f be g(2). Suppose 0 = 2*l - 0*l - 18. Calculate the greatest common divisor of f and l.
9
Suppose 12 = b + 2*b + 3*f, f = -2. Let s be (8/2)/(4/66). Calculate the greatest common divisor of s and b.
6
Let h = -14 + 104. Calculate the highest common divisor of h and 20.
10
Let n be (-1)/(3 - (-50)/(-16)). Let d be n - (-3 + 1 - -5). Suppose c = 5*m - 14, 0 + 2 = -m - c. What is the highest common divisor of m and d?
1
Let m(t) = t + 3. Let x be m(18). Calculate the greatest common factor of 14 and x.
7
Let k be (-94)/235 + ((-96)/(-5))/3. What is the highest common factor of k and 42?
6
Suppose -2*z + 0*z + 24 = 0. Suppose -z = w - 2*w. Calculate the greatest common factor of w and 18.
6
Suppose -4*x - 2*o + 24 = 0, -4*o + 1 + 11 = -x. Let s(c) = c**2 - 3*c - 6. Let n be s(-2). Calculate the highest common factor of x and n.
4
Let r = 111 + -60. What is the greatest common divisor of r and 34?
17
Let p(f) = -f**3 + 5*f**2 + 4*f + 4. Let g be p(5). Suppose 3*y = y + g. Let j = -78 - -174. Calculate the highest common divisor of j and y.
12
Suppose 12 = l - 0. What is the greatest common divisor of 132 and l?
12
Let u(r) = -r**3 + 23*r**2 + 30*r - 48. Let k be u(24). What is the highest common factor of k and 32?
32
Let q be ((-30)/(-4))/((-54)/(-252)). Calculate the greatest common divisor of 35 and q.
35
Suppose -v - 4*v = -50. Let y be 3/8*-2*-20. What is the greatest common factor of y and v?
5
Let q be -7 + 5 - (-1 - 1). Suppose -266 = -3*v + 4*t + 130, 2*v + 3*t - 281 = q. Let f be 2/4 - 33/(-2). What is the greatest common factor of f and v?
17
Suppose -4*a - 6 = -7*a. Let d be (a/4)/((-1)/(-110)). What is the greatest common factor of d and 5?
5
Suppose 1 = 2*x - 7. Suppose -2*o = -4*u + 69 + 25, -x*o + 64 = 4*u. Calculate the highest common divisor of u and 42.
21
Let t be 130/6 - (-3)/9. Let l = -36 + 69. Calculate the greatest common divisor of l and t.
11
Let v = 5 - -1. Let z be v/12*(1 + 1). Calculate the greatest common divisor of 8 and z.
1
Let p(h) = -h**3 + 19*h**2 - 17*h + 10. Let s be p(18). Calculate the highest common divisor of s and 14.
14
Suppose 36 = 3*m - 0*m. Suppose 3 - m = -3*f. Suppose -2*v + 65 = 2*v - f*u, 0 = 4*v + 4*u - 100. What is the greatest common factor of v and 20?
20
Let m(i) = i**3 - 7*i**2 - 22*i - 10. Let z be m(10). What is the highest common divisor of z and 14?
14
Let k(r) be the second derivative of -r**4/12 - 3*r**3 - 3*r**2/2 - 6*r. Let l be k(-17). Calculate the greatest common divisor of l and 42.
14
Let m be 1044/(-10) - 6/(-15). Let d = -68 - m. Calculate the highest common factor of 18 and d.
18
Let g = 17 - 4. Suppose -l - 5*k + 87 = -132, -3*l + 4*k = -752. Suppose -w + o - 56 = -2*w, 4*o = 5*w - l. Calculate the greatest common factor of g and w.
13
Let k(q) = -q**2 - 23*q + 52. Let x be k(-20). Calculate the highest common divisor of x and 28.
28
Suppose 4*n + 16 = 0, 0*r + 2*r + 3*n + 10 = 0. Let t be (5 - r)/((-6)/(-9)). Let c = 33 - -21. What is the greatest common factor of t and c?
6
Let l(j) be the first derivative of 13*j**3/3 - 3. Let q be l(2). Let u be (-2)/(-5) + (-63)/(-5). What is the greatest common factor of q and u?
13
Suppose -4*b = 8, 0 = -g - 2*g + 4*b + 68. Let y = 4 + 0. What is the highest common divisor of y and g?
4
Let i = -13 + 15. Suppose 5*c - 2*l - 191 = 2*c, -i*c + 130 = -4*l. Calculate the greatest common divisor of 21 and c.
21
Let x be 68/(-16) + 1/4. Let b(h) = h. Let m(n) = -3*n + 3. Let d(y) = -5*b(y) - m(y). Let s be d(x). What is the greatest common divisor of s and 5?
5
Suppose -4*a - 21 = -7*u + 2*u, 0 = -2*u + 2*a + 8. Suppose 2*k = 5*i - 94, 3*i - 31 = -u*k + 13. What is the highest common factor of 144 and i?
18
Suppose -u = 2*u. Suppose j - 37 = -5*k, u*k + 3*j + 1 = k. Calculate the greatest common divisor of 21 and k.
7
Let s be 130/20 - 2/(-4). Calculate the greatest common factor of 77 and s.
7
Suppose -3*u - 50 = -8*u. Suppose 2*b + u = 2. Let p be (-1)/b - 1660/(-16). What is the highest common divisor of 13 and p?
13
Suppose 9 = -5*u + 99. Calculate the greatest common divisor of 27 and u.
9
Suppose -s = 20 - 100. What is the highest common divisor of 16 and s?
16
Suppose 0 = -2*p - 3*n + 34, 0*p - 3*n = 3*p - 48. What is the highest common factor of 42 and p?
14
Suppose 0*y = -2*k + 5*y + 60, -k - 4*y + 17 = 0. Suppose 5*i + 52 = 7*i. Suppose -4*a + i + 14 = 0. Calculate the greatest common factor of k and a.
5
Suppose 0 = -2*x + 4 - 0. Suppose 6*